1110222211122 (base 3) to base 5.
200142302
What is -2962a (base 13) in base 7?
-443150
What is 1253597 (base 10) in base 5?
310103342
Convert 1211213102 (base 4) to base 6.
12530522
114232022 (base 5) to base 11
33948a
Convert -1ce74 (base 16) to base 9.
-200352
-13275107 (base 8) to base 14
-578235
Convert 232103330 (base 4) to base 8.
562374
238e77 (base 15) to base 4
12133100113
Convert -144188 (base 9) to base 5.
-10311440
What is 102013320 (base 4) in base 5?
4333412
What is -153114 (base 7) in base 9?
-45013
What is 23312013022 (base 4) in base 10?
3105226
Convert -10417b5 (base 12) to base 16.
-2edf39
-1240988 (base 10) to base 7
-13356020
-62ae4 (base 16) to base 6
-12355140
2331212301 (base 4) to base 8
2754661
-63148 (base 10) to base 8
-173254
-160688 (base 9) to base 5
-11131411
-2010120021 (base 3) to base 10
-41965
Convert 21420552 (base 6) to base 4.
2130112310
Convert 361571 (base 10) to base 7.
3034100
-86877 (base 9) to base 16
-e0ec
3c658 (base 13) to base 8
334756
Convert 6ddc2 (base 14) to base 12.
10b732
4256130 (base 8) to base 6
40215212
Convert -526854 (base 9) to base 5.
-40012223
-6234328 (base 9) to base 6
-155210512
Convert -3021133101 (base 4) to base 2.
-11001001011111010001
What is 133607 (base 9) in base 6?
1424524
Convert 2122001312 (base 4) to base 2.
10011010000001110110
What is 6178776 (base 9) in base 16?
325afa
What is -131162366 (base 7) in base 14?
-1183b6d
-123323002 (base 4) to base 7
-654304
Convert -11001010011011110 (base 2) to base 14.
-29ab4
What is 610372 (base 9) in base 6?
11424015
Convert 28b117 (base 12) to base 6.
22344431
-155962 (base 14) to base 6
-23551134
Convert 1b6485 (base 14) to base 7.
11211425
What is -179d6c9 (base 15) in base 2?
-1000001101000111111111001
What is 10202122021010 (base 3) in base 5?
1003004233
2a0a4 (base 16) to base 13
604bb
Convert -14523052 (base 7) to base 15.
-1c5147
Convert 10101000100110100000 (base 2) to base 4.
2220212200
Convert 506001 (base 7) to base 15.
1a799
What is 100000011111111111011111 (base 2) in base 9?
17024674
What is 355064 (base 11) in base 9?
1047357
-df20d (base 16) to base 13
-25ccb7
Convert -9dbf (base 16) to base 7.
-225510
-80503 (base 15) to base 16
-63270
Convert 1022021203 (base 4) to base 3.
120102121201
What is -12220121102221 (base 3) in base 10?
-3141583
What is -1c52390 (base 13) in base 14?
-1376900
What is 1010021200220 (base 3) in base 14?
11734b
Convert 13300034 (base 5) to base 4.
200303322
Convert -33023133 (base 4) to base 10.
-62175
Convert 1560306 (base 10) to base 2.
101111100111011110010
-1b77684 (base 12) to base 2
-10110011011111000000100
What is 244214433 (base 5) in base 13?
319909
Convert 4d676 (base 15) to base 7.
2051361
What is -761001 (base 9) in base 8?
-1565477
582b2 (base 15) to base 8
1044246
What is 202021000022 (base 3) in base 14?
a5479
-3490696 (base 10) to base 16
-354388
What is 2341883 (base 9) in base 10?
1267725
Convert -283b924 (base 13) to base 7.
-213151224
-348021 (base 9) to base 12
-a110a
Convert 213850 (base 16) to base 10.
2177104
What is 21402421 (base 5) in base 8?
550640
d28bc (base 15) to base 14
135044
Convert -11001110000011001 (base 2) to base 13.
-39032
What is 100101000001101101010000 (base 2) in base 13?
201acb0
-304404533 (base 6) to base 14
-9ac09b
What is -1462113 (base 7) in base 15?
-3e403
-1536620 (base 9) to base 10
-851247
What is c2203 (base 15) in base 5?
124132303
1c7b2 (base 15) to base 12
458ab
What is d14c (base 16) in base 14?
15752
What is -110101110110110111 (base 2) in base 16?
-35db7
What is 4a07a3 (base 13) in base 15?
2500ed
What is -120211021112 (base 3) in base 13?
-aba16
What is -301332332 (base 4) in base 8?
-617676
Convert -3b4921 (base 13) to base 10.
-1438386
What is -11624461 (base 7) in base 12?
-4268a7
What is -14553a (base 11) in base 12?
-ab39a
Convert 11001221010 (base 3) to base 2.
10011100100001011
-102033110 (base 4) to base 11
-51147
Convert 15003 (base 13) to base 5.
2231144
1101000000010111 (base 2) to base 4
31000113
What is -1986373 (base 10) in base 15?
-29384d
Convert -1b9698 (base 13) to base 8.
-2543510
2012043 (base 5) to base 4
13312110
2031001214 (base 5) to base 13
b26b39
What is 24024324 (base 5) in base 8?
656655
-6370 (base 16) to base 15
-7821
What is -2666162 (base 11) in base 13?
-c53324
Convert c2125 (base 15) to base 6.
21100542
23123041 (base 7) to base 10
2022700
-324a8 (base 12) to base 14
-1a288
Convert -10123010013 (base 4) to base 12.
-47ab73
-96799 (base 12) to base 9
-331680
-219202 (base 13) to base 14
-168508
What is -14531213 (base 6) in base 13?
-14ac6c
Convert -16529a (base 11) to base 16.
-3e79f
Convert -101020101100 (base 3) to base 12.
-98723
-149b4 (base 15) to base 4
-100030033
132896 (base 14) to base 16
a1324
-32420204 (base 5) to base 10
-279429
Convert 1313222011 (base 4) to base 11.
305261
Convert -100111001111010011010 (base 2) to base 10.
-1285786
What is -3200210 (base 6) in base 12?
-76066
What is 11202102300 (base 4) in base 7?
15222600
Convert 1883117 (base 11) to base 8.
14105255
What is 11021210010221 (base 3) in base 13?
61a3c8
-24433324 (base 5) to base 15
-49329
Convert 2041998 (base 10) to base 14.
3b2250
What is -2b3a832 (base 13) in base 16?
-d34967
-b57818 (base 12) to base 8
-12706324
Convert b0298 (base 16) to base 7.
6063450
133223012 (base 4) to base 12
630b2
What is -21012010221 (base 3) in base 5?
-14012112
Convert 1500b7 (base 12) to base 8.
1260613
What is -32331113003 (base 4) in base 3?
-21101020002002
623160 (base 7) to base 6
2142140
What is -659463 (base 10) in base 13?
-1a121c
-760428 (base 13) to base 3
-12012210021100
What is 2340420 (base 6) in base 15?
26220
Convert 4847 (base 13) to base 14.
3a07
Convert 1120330333 (base 5) to base 10.
2511343
-736503 (base 9) to base 5
-103002213
Convert 10100002112 (base 3) to base 6.
1224022
222012122 (base 4) to base 2
101010000110011010
835926 (base 10) to base 6
25530010
Convert -2aa675 (base 11) to base 16.
-75d46
Convert 1333793 (base 12) to base 8.
16377637
Convert 23230014 (base 6) to base 7.
6054025
Convert -96400 (base 13) to base 15.
-55407
What is -1c86c1 (base 13) in base 16?
-b2e64
What is -113113541 (base 6) in base 5?
-1020000240
What is -345562 (base 7) in base 13?
-22306
Convert -614716 (base 8) to base 5.
-23000324
Convert a55a70 (base 12) to base 6.
131435020
Convert -11100101222 (base 3) to base 6.
-1500125
Convert 13232010 (base 4) to base 15.
9580
What is 51b52 (base 16) in base 6?
11101230
Convert -2111103132 (base 4) to base 13.
-185484
Convert -200302011 (base 4) to base 2.
-100000110010000101
Convert -12b437 (base 12) to base 16.
-4baab
Convert -11443522 (base 9) to base 14.
-a53490
-2225bb (base 13) to base 11
-4aa980
Convert -5156566 (base 7) to base 9.
-1143601
-2334421421 (base 5) to base 12
-197a762
-11425142 (base 7) to base 3
-1220120100012
Convert 5928d (base 15) to base 4.
1011112303
-1000010010111000 (base 2) to base 12
-177b4
What is -18053101 (base 9) in base 16?
-8a6403
Convert -10a5639 (base 11) to base 10.
-1925394
2246103 (base 8) to base 14
11c0cb
-287b7 (base 12) to base 2
-1101110001111011
What is 3001312230 (base 4) in base 5?
200402103
Convert 10222203013 (base 4) to base 14.
23b90b
What is 222111210020 (base 3) in base 5?
113144213
Convert -2143514 (base 6) to base 9.
-172831
120122220121 (base 3) to base 13
aa437
-131323212312 (base 4) to base 8
-35734666
-a6be6 (base 15) to base 11
-331653
-101001110001010000100001 (base 2) to base 3
-202121022010011
Convert 1889a (base 16) to base 4.
120202122
What is -1795465 (base 10) in base 6?
-102252201
What is -d6025d (base 16) in base 3?
-222101120002220
Convert 38790 (base 10) to base 14.
101ca
What is 3ae1a (base 16) in base 2?
111010111000011010
5156 (base 10) to base 16
1424
What is -20201002120102 (base 3) in base 15?
-4a6232
Convert 22e124 (base 16) to base 7.
25300213
Convert -12000211201 (base 3) to base 7.
-561466
What is 7631c (base 13) in base 7?
1546601
What is -20211222220 (base 3) in base 10?
-134862
-1734a35 (base 11) to base 12
-ba2a05
What is 6613625 (base 8) in base 16?
1b1795
What is 55b466 (base 14) in base 7?
33516356
Convert 2159549 (base 10) to base 7.
24233030
Convert 25a215b (base 12) to base 9.
14870128
